{"id":602,"date":"2019-12-28T09:11:18","date_gmt":"2019-12-28T08:11:18","guid":{"rendered":"https:\/\/www.tinas-autorenwelt.de\/?page_id=602"},"modified":"2022-12-09T12:00:29","modified_gmt":"2022-12-09T11:00:29","slug":"365-tage-voller-gluecksmomente","status":"publish","type":"page","link":"https:\/\/www.tinas-autorenwelt.de\/?page_id=602","title":{"rendered":"365 Tage voller Gl\u00fccksmomente"},"content":{"rendered":"\n<p><strong>Titel:<\/strong>  365 Tage voller Gl\u00fccksmomente<br><strong>Genre:<\/strong> Ausf\u00fcllbuch\/Tagebuch<br><strong>Autor:<\/strong> Tina Reinhardt<br><strong>Verlag:<\/strong> Books on Demand<br><strong>Erscheinungsdatum:<\/strong> 15.11.2019<br><strong>Format:<\/strong> Gebundene Ausgabe<br><strong>Seiten:<\/strong> 404<br><strong>Kosten:<\/strong> 19,99\u20ac<\/p>\n\n\n<div class=\"wp-block-image\">\n<figure class=\"aligncenter is-resized\"><img loading=\"lazy\" decoding=\"async\" src=\"https:\/\/www.tinas-autorenwelt.de\/wp-content\/uploads\/2019\/12\/Vorderseite_2-640x1024.jpg\" alt=\"\" class=\"wp-image-603\" width=\"188\" height=\"300\" srcset=\"https:\/\/www.tinas-autorenwelt.de\/wp-content\/uploads\/2019\/12\/Vorderseite_2-640x1024.jpg 640w, https:\/\/www.tinas-autorenwelt.de\/wp-content\/uploads\/2019\/12\/Vorderseite_2-188x300.jpg 188w, https:\/\/www.tinas-autorenwelt.de\/wp-content\/uploads\/2019\/12\/Vorderseite_2-768x1229.jpg 768w, https:\/\/www.tinas-autorenwelt.de\/wp-content\/uploads\/2019\/12\/Vorderseite_2.jpg 1600w\" sizes=\"auto, (max-width: 188px) 100vw, 188px\" \/><\/figure><\/div>\n\n\n<h3 class=\"wp-block-heading\"><strong>Ein Tagebuch der besonderen Art<\/strong><\/h3>\n\n\n\n<p>Der Alltag ist f\u00fcr viele Menschen durch Stress und Hektik gepr\u00e4gt. Doch diese Art Tagebuch soll dabei helfen, sich wieder auf die guten Dinge zu konzentrieren. Jeden Tag wird ein besonderes Highlight durch Bilder, Zeitungsartikel, Text und \u00c4hnliches festgehalten. Am Ende ist eine sch\u00f6ne und aufmunternde Erinnerung entstanden. Nimm dein Gl\u00fcck selbst in die Hand und konzentriere dich auf die guten Dinge im Leben. Wenn du genau hinsiehst, erkennst du jeden Tag Positives.<\/p>\n\n\n\n<p>Fragen dich selbst, was Gl\u00fcck f\u00fcr dich bedeutet.<\/p>\n\n\n\n<!-- ### Begin BoD ShopWidget -->\n<div id=\"bodShopWidget_2945294_print\" class=\"bodShopWidget\"><\/div><script type=\"text\/javascript\">if(typeof checkLibExist == \"undefined\"){var script = document.createElement(\"script\");script.src =\"\/\/www.bod.de\/public\/js\/bod\/v1.1\/shopWidget.min.js\";script.type = \"text\/javascript\";document.head.appendChild(script);var checkLibExist = true;}if(typeof books === \"undefined\") var books=[];books.push({\"objID\":\"2945294\",\"swKey\":\"89d77698cecc7f2599d5823ac7125a52\",\"type\":\"print\",\"size\":\"large\",\"font\":\"nonSerif\",\"shadow\":true,\"contour\":true,\"coverContour\":true,\"fontColor\":\"#595757\",\"contourColor\":\"#FFFFFF\",\"shadowBtn\":true,\"contourBtn\":false,\"bgColor\":\"#CCFFD2\",\"btnFontColor\":\"#595757\",\"btnColor\":\"#FFCB81\",\"btnContourColor\":\"#ffffff\",\"shop\":\"de\",\"mandantShopUrl\":\"https:\/\/www.bod.de\/buchshop\",\"lang\":\"de\"});<\/script>\n<!-- ### End BoD ShopWidget -->\n","protected":false},"excerpt":{"rendered":"<p>Titel: 365 Tage voller Gl\u00fccksmomenteGenre: Ausf\u00fcllbuch\/TagebuchAutor: Tina ReinhardtVerlag: Books on DemandErscheinungsdatum: 15.11.2019Format: Gebundene AusgabeSeiten: 404Kosten: 19,99\u20ac Ein Tagebuch der besonderen Art Der Alltag ist f\u00fcr viele Menschen durch Stress und Hektik gepr\u00e4gt. Doch diese Art Tagebuch soll dabei helfen, sich wieder auf die guten Dinge zu konzentrieren. Jeden Tag wird ein besonderes Highlight durch Bilder, &hellip; <\/p>\n<p class=\"link-more\"><a href=\"https:\/\/www.tinas-autorenwelt.de\/?page_id=602\" class=\"more-link\"><span class=\"screen-reader-text\">\u201e365 Tage voller Gl\u00fccksmomente\u201c<\/span> weiterlesen<\/a><\/p>\n","protected":false},"author":1,"featured_media":0,"parent":129,"menu_order":0,"comment_status":"closed","ping_status":"closed","template":"","meta":{"footnotes":""},"class_list":["post-602","page","type-page","status-publish","hentry"],"yoast_head":"<!-- This site is optimized with the Yoast SEO plugin v26.2 - https:\/\/yoast.com\/wordpress\/plugins\/seo\/ -->\n<title>365 Tage voller Gl\u00fccksmomente - Tinas Autorenwelt - bunt und lebendig<\/title>\n<meta name=\"robots\" content=\"index, follow, max-snippet:-1, max-image-preview:large, max-video-preview:-1\" \/>\n<link rel=\"canonical\" href=\"https:\/\/www.tinas-autorenwelt.de\/?page_id=602\" \/>\n<meta property=\"og:locale\" content=\"de_DE\" \/>\n<meta property=\"og:type\" content=\"article\" \/>\n<meta property=\"og:title\" content=\"365 Tage voller Gl\u00fccksmomente - Tinas Autorenwelt - bunt und lebendig\" \/>\n<meta property=\"og:description\" content=\"Titel: 365 Tage voller Gl\u00fccksmomenteGenre: Ausf\u00fcllbuch\/TagebuchAutor: Tina ReinhardtVerlag: Books on DemandErscheinungsdatum: 15.11.2019Format: Gebundene AusgabeSeiten: 404Kosten: 19,99\u20ac Ein Tagebuch der besonderen Art Der Alltag ist f\u00fcr viele Menschen durch Stress und Hektik gepr\u00e4gt. Doch diese Art Tagebuch soll dabei helfen, sich wieder auf die guten Dinge zu konzentrieren. Jeden Tag wird ein besonderes Highlight durch Bilder, &hellip; \u201e365 Tage voller Gl\u00fccksmomente\u201c weiterlesen\" \/>\n<meta property=\"og:url\" content=\"https:\/\/www.tinas-autorenwelt.de\/?page_id=602\" \/>\n<meta property=\"og:site_name\" content=\"Tinas Autorenwelt - bunt und lebendig\" \/>\n<meta property=\"article:modified_time\" content=\"2022-12-09T11:00:29+00:00\" \/>\n<meta property=\"og:image\" content=\"https:\/\/www.tinas-autorenwelt.de\/wp-content\/uploads\/2019\/12\/Vorderseite_2-640x1024.jpg\" \/>\n<meta name=\"twitter:card\" content=\"summary_large_image\" \/>\n<meta name=\"twitter:label1\" content=\"Gesch\u00e4tzte Lesezeit\" \/>\n\t<meta name=\"twitter:data1\" content=\"1\u00a0Minute\" \/>\n<script type=\"application\/ld+json\" class=\"yoast-schema-graph\">{\"@context\":\"https:\/\/schema.org\",\"@graph\":[{\"@type\":\"WebPage\",\"@id\":\"https:\/\/www.tinas-autorenwelt.de\/?page_id=602\",\"url\":\"https:\/\/www.tinas-autorenwelt.de\/?page_id=602\",\"name\":\"365 Tage voller Gl\u00fccksmomente - Tinas Autorenwelt - bunt und lebendig\",\"isPartOf\":{\"@id\":\"https:\/\/www.tinas-autorenwelt.de\/#website\"},\"primaryImageOfPage\":{\"@id\":\"https:\/\/www.tinas-autorenwelt.de\/?page_id=602#primaryimage\"},\"image\":{\"@id\":\"https:\/\/www.tinas-autorenwelt.de\/?page_id=602#primaryimage\"},\"thumbnailUrl\":\"https:\/\/www.tinas-autorenwelt.de\/wp-content\/uploads\/2019\/12\/Vorderseite_2-640x1024.jpg\",\"datePublished\":\"2019-12-28T08:11:18+00:00\",\"dateModified\":\"2022-12-09T11:00:29+00:00\",\"breadcrumb\":{\"@id\":\"https:\/\/www.tinas-autorenwelt.de\/?page_id=602#breadcrumb\"},\"inLanguage\":\"de\",\"potentialAction\":[{\"@type\":\"ReadAction\",\"target\":[\"https:\/\/www.tinas-autorenwelt.de\/?page_id=602\"]}]},{\"@type\":\"ImageObject\",\"inLanguage\":\"de\",\"@id\":\"https:\/\/www.tinas-autorenwelt.de\/?page_id=602#primaryimage\",\"url\":\"https:\/\/www.tinas-autorenwelt.de\/wp-content\/uploads\/2019\/12\/Vorderseite_2.jpg\",\"contentUrl\":\"https:\/\/www.tinas-autorenwelt.de\/wp-content\/uploads\/2019\/12\/Vorderseite_2.jpg\",\"width\":1600,\"height\":2560},{\"@type\":\"BreadcrumbList\",\"@id\":\"https:\/\/www.tinas-autorenwelt.de\/?page_id=602#breadcrumb\",\"itemListElement\":[{\"@type\":\"ListItem\",\"position\":1,\"name\":\"Startseite\",\"item\":\"https:\/\/www.tinas-autorenwelt.de\/\"},{\"@type\":\"ListItem\",\"position\":2,\"name\":\"Meine Ver\u00f6ffentlichungen\",\"item\":\"https:\/\/www.tinas-autorenwelt.de\/?page_id=129\"},{\"@type\":\"ListItem\",\"position\":3,\"name\":\"365 Tage voller Gl\u00fccksmomente\"}]},{\"@type\":\"WebSite\",\"@id\":\"https:\/\/www.tinas-autorenwelt.de\/#website\",\"url\":\"https:\/\/www.tinas-autorenwelt.de\/\",\"name\":\"Tinas Autorenwelt - bunt und lebendig\",\"description\":\"\",\"potentialAction\":[{\"@type\":\"SearchAction\",\"target\":{\"@type\":\"EntryPoint\",\"urlTemplate\":\"https:\/\/www.tinas-autorenwelt.de\/?s={search_term_string}\"},\"query-input\":{\"@type\":\"PropertyValueSpecification\",\"valueRequired\":true,\"valueName\":\"search_term_string\"}}],\"inLanguage\":\"de\"}]}<\/script>\n<!-- \/ Yoast SEO plugin. -->","yoast_head_json":{"title":"365 Tage voller Gl\u00fccksmomente - Tinas Autorenwelt - bunt und lebendig","robots":{"index":"index","follow":"follow","max-snippet":"max-snippet:-1","max-image-preview":"max-image-preview:large","max-video-preview":"max-video-preview:-1"},"canonical":"https:\/\/www.tinas-autorenwelt.de\/?page_id=602","og_locale":"de_DE","og_type":"article","og_title":"365 Tage voller Gl\u00fccksmomente - Tinas Autorenwelt - bunt und lebendig","og_description":"Titel: 365 Tage voller Gl\u00fccksmomenteGenre: Ausf\u00fcllbuch\/TagebuchAutor: Tina ReinhardtVerlag: Books on DemandErscheinungsdatum: 15.11.2019Format: Gebundene AusgabeSeiten: 404Kosten: 19,99\u20ac Ein Tagebuch der besonderen Art Der Alltag ist f\u00fcr viele Menschen durch Stress und Hektik gepr\u00e4gt. Doch diese Art Tagebuch soll dabei helfen, sich wieder auf die guten Dinge zu konzentrieren. Jeden Tag wird ein besonderes Highlight durch Bilder, &hellip; \u201e365 Tage voller Gl\u00fccksmomente\u201c weiterlesen","og_url":"https:\/\/www.tinas-autorenwelt.de\/?page_id=602","og_site_name":"Tinas Autorenwelt - bunt und lebendig","article_modified_time":"2022-12-09T11:00:29+00:00","og_image":[{"url":"https:\/\/www.tinas-autorenwelt.de\/wp-content\/uploads\/2019\/12\/Vorderseite_2-640x1024.jpg","type":"","width":"","height":""}],"twitter_card":"summary_large_image","twitter_misc":{"Gesch\u00e4tzte Lesezeit":"1\u00a0Minute"},"schema":{"@context":"https:\/\/schema.org","@graph":[{"@type":"WebPage","@id":"https:\/\/www.tinas-autorenwelt.de\/?page_id=602","url":"https:\/\/www.tinas-autorenwelt.de\/?page_id=602","name":"365 Tage voller Gl\u00fccksmomente - Tinas Autorenwelt - bunt und lebendig","isPartOf":{"@id":"https:\/\/www.tinas-autorenwelt.de\/#website"},"primaryImageOfPage":{"@id":"https:\/\/www.tinas-autorenwelt.de\/?page_id=602#primaryimage"},"image":{"@id":"https:\/\/www.tinas-autorenwelt.de\/?page_id=602#primaryimage"},"thumbnailUrl":"https:\/\/www.tinas-autorenwelt.de\/wp-content\/uploads\/2019\/12\/Vorderseite_2-640x1024.jpg","datePublished":"2019-12-28T08:11:18+00:00","dateModified":"2022-12-09T11:00:29+00:00","breadcrumb":{"@id":"https:\/\/www.tinas-autorenwelt.de\/?page_id=602#breadcrumb"},"inLanguage":"de","potentialAction":[{"@type":"ReadAction","target":["https:\/\/www.tinas-autorenwelt.de\/?page_id=602"]}]},{"@type":"ImageObject","inLanguage":"de","@id":"https:\/\/www.tinas-autorenwelt.de\/?page_id=602#primaryimage","url":"https:\/\/www.tinas-autorenwelt.de\/wp-content\/uploads\/2019\/12\/Vorderseite_2.jpg","contentUrl":"https:\/\/www.tinas-autorenwelt.de\/wp-content\/uploads\/2019\/12\/Vorderseite_2.jpg","width":1600,"height":2560},{"@type":"BreadcrumbList","@id":"https:\/\/www.tinas-autorenwelt.de\/?page_id=602#breadcrumb","itemListElement":[{"@type":"ListItem","position":1,"name":"Startseite","item":"https:\/\/www.tinas-autorenwelt.de\/"},{"@type":"ListItem","position":2,"name":"Meine Ver\u00f6ffentlichungen","item":"https:\/\/www.tinas-autorenwelt.de\/?page_id=129"},{"@type":"ListItem","position":3,"name":"365 Tage voller Gl\u00fccksmomente"}]},{"@type":"WebSite","@id":"https:\/\/www.tinas-autorenwelt.de\/#website","url":"https:\/\/www.tinas-autorenwelt.de\/","name":"Tinas Autorenwelt - bunt und lebendig","description":"","potentialAction":[{"@type":"SearchAction","target":{"@type":"EntryPoint","urlTemplate":"https:\/\/www.tinas-autorenwelt.de\/?s={search_term_string}"},"query-input":{"@type":"PropertyValueSpecification","valueRequired":true,"valueName":"search_term_string"}}],"inLanguage":"de"}]}},"_links":{"self":[{"href":"https:\/\/www.tinas-autorenwelt.de\/index.php?rest_route=\/wp\/v2\/pages\/602","targetHints":{"allow":["GET"]}}],"collection":[{"href":"https:\/\/www.tinas-autorenwelt.de\/index.php?rest_route=\/wp\/v2\/pages"}],"about":[{"href":"https:\/\/www.tinas-autorenwelt.de\/index.php?rest_route=\/wp\/v2\/types\/page"}],"author":[{"embeddable":true,"href":"https:\/\/www.tinas-autorenwelt.de\/index.php?rest_route=\/wp\/v2\/users\/1"}],"replies":[{"embeddable":true,"href":"https:\/\/www.tinas-autorenwelt.de\/index.php?rest_route=%2Fwp%2Fv2%2Fcomments&post=602"}],"version-history":[{"count":4,"href":"https:\/\/www.tinas-autorenwelt.de\/index.php?rest_route=\/wp\/v2\/pages\/602\/revisions"}],"predecessor-version":[{"id":1255,"href":"https:\/\/www.tinas-autorenwelt.de\/index.php?rest_route=\/wp\/v2\/pages\/602\/revisions\/1255"}],"up":[{"embeddable":true,"href":"https:\/\/www.tinas-autorenwelt.de\/index.php?rest_route=\/wp\/v2\/pages\/129"}],"wp:attachment":[{"href":"https:\/\/www.tinas-autorenwelt.de\/index.php?rest_route=%2Fwp%2Fv2%2Fmedia&parent=602"}],"curies":[{"name":"wp","href":"https:\/\/api.w.org\/{rel}","templated":true}]}}

365 Tage voller Glücksmomente

<p><strong>Titel:</strong>  365 Tage voller Glücksmomente<br><strong>Genre:</strong> Ausfüllbuch/Tagebuch<br><strong>Autor:</strong> Tina Reinhardt<br><strong>Verlag:</strong> Books on Demand<br><strong>Erscheinungsdatum:</strong> 15.11.2019<br><strong>Format:</strong> Gebundene Ausgabe<br><strong>Seiten:</strong> 404<br><strong>Kosten:</strong> 19,99€</p>


<div class="wp-block-image">
<figure class="aligncenter is-resized"><img loading="lazy" decoding="async" src="https://www.tinas-autorenwelt.de/wp-content/uploads/2019/12/Vorderseite_2-640x1024.jpg" alt="" class="wp-image-603" width="188" height="300" srcset="https://www.tinas-autorenwelt.de/wp-content/uploads/2019/12/Vorderseite_2-640x1024.jpg 640w, https://www.tinas-autorenwelt.de/wp-content/uploads/2019/12/Vorderseite_2-188x300.jpg 188w, https://www.tinas-autorenwelt.de/wp-content/uploads/2019/12/Vorderseite_2-768x1229.jpg 768w, https://www.tinas-autorenwelt.de/wp-content/uploads/2019/12/Vorderseite_2.jpg 1600w" sizes="auto, (max-width: 188px) 100vw, 188px" /></figure></div>


<h3 class="wp-block-heading"><strong>Ein Tagebuch der besonderen Art</strong></h3>



<p>Der Alltag ist für viele Menschen durch Stress und Hektik geprägt. Doch diese Art Tagebuch soll dabei helfen, sich wieder auf die guten Dinge zu konzentrieren. Jeden Tag wird ein besonderes Highlight durch Bilder, Zeitungsartikel, Text und Ähnliches festgehalten. Am Ende ist eine schöne und aufmunternde Erinnerung entstanden. Nimm dein Glück selbst in die Hand und konzentriere dich auf die guten Dinge im Leben. Wenn du genau hinsiehst, erkennst du jeden Tag Positives.</p>



<p>Fragen dich selbst, was Glück für dich bedeutet.</p>



<!-- ### Begin BoD ShopWidget -->
<div id="bodShopWidget_2945294_print" class="bodShopWidget"></div><script type="text/javascript">if(typeof checkLibExist == "undefined"){var script = document.createElement("script");script.src ="//www.bod.de/public/js/bod/v1.1/shopWidget.min.js";script.type = "text/javascript";document.head.appendChild(script);var checkLibExist = true;}if(typeof books === "undefined") var books=[];books.push({"objID":"2945294","swKey":"89d77698cecc7f2599d5823ac7125a52","type":"print","size":"large","font":"nonSerif","shadow":true,"contour":true,"coverContour":true,"fontColor":"#595757","contourColor":"#FFFFFF","shadowBtn":true,"contourBtn":false,"bgColor":"#CCFFD2","btnFontColor":"#595757","btnColor":"#FFCB81","btnContourColor":"#ffffff","shop":"de","mandantShopUrl":"https://www.bod.de/buchshop","lang":"de"});</script>
<!-- ### End BoD ShopWidget -->

<p>Titel: 365 Tage voller GlücksmomenteGenre: Ausfüllbuch/TagebuchAutor: Tina ReinhardtVerlag: Books on DemandErscheinungsdatum: 15.11.2019Format: Gebundene AusgabeSeiten: 404Kosten: 19,99€ Ein Tagebuch der besonderen Art Der Alltag ist für viele Menschen durch Stress und Hektik geprägt. Doch diese Art Tagebuch soll dabei helfen, sich wieder auf die guten Dinge zu konzentrieren. Jeden Tag wird ein besonderes Highlight durch Bilder, &hellip; </p>
<p class="link-more"><a href="https://www.tinas-autorenwelt.de/?page_id=602" class="more-link"><span class="screen-reader-text">„365 Tage voller Glücksmomente“</span> weiterlesen</a></p>

<!-- This site is optimized with the Yoast SEO plugin v26.2 - https://yoast.com/wordpress/plugins/seo/ -->
<title>365 Tage voller Glücksmomente - Tinas Autorenwelt - bunt und lebendig</title>
<meta name="robots" content="index, follow, max-snippet:-1, max-image-preview:large, max-video-preview:-1" />
<link rel="canonical" href="https://www.tinas-autorenwelt.de/?page_id=602" />
<meta property="og:locale" content="de_DE" />
<meta property="og:type" content="article" />
<meta property="og:title" content="365 Tage voller Glücksmomente - Tinas Autorenwelt - bunt und lebendig" />
<meta property="og:description" content="Titel: 365 Tage voller GlücksmomenteGenre: Ausfüllbuch/TagebuchAutor: Tina ReinhardtVerlag: Books on DemandErscheinungsdatum: 15.11.2019Format: Gebundene AusgabeSeiten: 404Kosten: 19,99€ Ein Tagebuch der besonderen Art Der Alltag ist für viele Menschen durch Stress und Hektik geprägt. Doch diese Art Tagebuch soll dabei helfen, sich wieder auf die guten Dinge zu konzentrieren. Jeden Tag wird ein besonderes Highlight durch Bilder, &hellip; „365 Tage voller Glücksmomente“ weiterlesen" />
<meta property="og:url" content="https://www.tinas-autorenwelt.de/?page_id=602" />
<meta property="og:site_name" content="Tinas Autorenwelt - bunt und lebendig" />
<meta property="article:modified_time" content="2022-12-09T11:00:29+00:00" />
<meta property="og:image" content="https://www.tinas-autorenwelt.de/wp-content/uploads/2019/12/Vorderseite_2-640x1024.jpg" />
<meta name="twitter:card" content="summary_large_image" />
<meta name="twitter:label1" content="Geschätzte Lesezeit" />
	<meta name="twitter:data1" content="1 Minute" />
<script type="application/ld+json" class="yoast-schema-graph">{"@context":"https://schema.org","@graph":[{"@type":"WebPage","@id":"https://www.tinas-autorenwelt.de/?page_id=602","url":"https://www.tinas-autorenwelt.de/?page_id=602","name":"365 Tage voller Glücksmomente - Tinas Autorenwelt - bunt und lebendig","isPartOf":{"@id":"https://www.tinas-autorenwelt.de/#website"},"primaryImageOfPage":{"@id":"https://www.tinas-autorenwelt.de/?page_id=602#primaryimage"},"image":{"@id":"https://www.tinas-autorenwelt.de/?page_id=602#primaryimage"},"thumbnailUrl":"https://www.tinas-autorenwelt.de/wp-content/uploads/2019/12/Vorderseite_2-640x1024.jpg","datePublished":"2019-12-28T08:11:18+00:00","dateModified":"2022-12-09T11:00:29+00:00","breadcrumb":{"@id":"https://www.tinas-autorenwelt.de/?page_id=602#breadcrumb"},"inLanguage":"de","potentialAction":[{"@type":"ReadAction","target":["https://www.tinas-autorenwelt.de/?page_id=602"]}]},{"@type":"ImageObject","inLanguage":"de","@id":"https://www.tinas-autorenwelt.de/?page_id=602#primaryimage","url":"https://www.tinas-autorenwelt.de/wp-content/uploads/2019/12/Vorderseite_2.jpg","contentUrl":"https://www.tinas-autorenwelt.de/wp-content/uploads/2019/12/Vorderseite_2.jpg","width":1600,"height":2560},{"@type":"BreadcrumbList","@id":"https://www.tinas-autorenwelt.de/?page_id=602#breadcrumb","itemListElement":[{"@type":"ListItem","position":1,"name":"Startseite","item":"https://www.tinas-autorenwelt.de/"},{"@type":"ListItem","position":2,"name":"Meine Veröffentlichungen","item":"https://www.tinas-autorenwelt.de/?page_id=129"},{"@type":"ListItem","position":3,"name":"365 Tage voller Glücksmomente"}]},{"@type":"WebSite","@id":"https://www.tinas-autorenwelt.de/#website","url":"https://www.tinas-autorenwelt.de/","name":"Tinas Autorenwelt - bunt und lebendig","description":"","potentialAction":[{"@type":"SearchAction","target":{"@type":"EntryPoint","urlTemplate":"https://www.tinas-autorenwelt.de/?s={search_term_string}"},"query-input":{"@type":"PropertyValueSpecification","valueRequired":true,"valueName":"search_term_string"}}],"inLanguage":"de"}]}</script>
<!-- / Yoast SEO plugin. -->

365 Tage voller Glücksmomente - Tinas Autorenwelt - bunt und lebendig

Titel: 365 Tage voller GlücksmomenteGenre: Ausfüllbuch/TagebuchAutor: Tina ReinhardtVerlag: Books on DemandErscheinungsdatum: 15.11.2019Format: Gebundene AusgabeSeiten: 404Kosten: 19,99€ Ein Tagebuch der besonderen Art Der Alltag ist für viele Menschen durch Stress und Hektik geprägt. Doch diese Art Tagebuch soll dabei helfen, sich wieder auf die guten Dinge zu konzentrieren. Jeden Tag wird ein besonderes Highlight durch Bilder, &hellip; „365 Tage voller Glücksmomente“ weiterlesen

Meine Veröffentlichungen
