{"id":1328,"date":"2023-08-18T12:47:57","date_gmt":"2023-08-18T10:47:57","guid":{"rendered":"https:\/\/www.tinas-autorenwelt.de\/?page_id=1328"},"modified":"2023-08-18T12:47:57","modified_gmt":"2023-08-18T10:47:57","slug":"fancynien-wie-alles-begann","status":"publish","type":"page","link":"https:\/\/www.tinas-autorenwelt.de\/?page_id=1328","title":{"rendered":"Fancynien &#8211; wie alles begann"},"content":{"rendered":"\n<p><strong>Titel:<\/strong> Fancynien \u2013 wie alles begann<br><strong>Genre:<\/strong> Fantasy<br><strong>Autor:<\/strong> Tina Reinhardt<br><strong>Verlag:<\/strong> Books on Demand<br><strong>Erscheinungsdatum:<\/strong> 16.11.2022<br><strong>Format:<\/strong> Taschenbuch<br><strong>Seiten:<\/strong> 404<br><strong>Kosten:<\/strong> 17,99\u20ac<\/p>\n\n\n<div class=\"wp-block-image\">\n<figure class=\"aligncenter size-large is-resized\"><img loading=\"lazy\" decoding=\"async\" src=\"https:\/\/www.tinas-autorenwelt.de\/wp-content\/uploads\/2022\/12\/Vorderseite-F4-640x1024.jpg\" alt=\"\" class=\"wp-image-1262\" width=\"160\" height=\"256\" srcset=\"https:\/\/www.tinas-autorenwelt.de\/wp-content\/uploads\/2022\/12\/Vorderseite-F4-640x1024.jpg 640w, https:\/\/www.tinas-autorenwelt.de\/wp-content\/uploads\/2022\/12\/Vorderseite-F4-188x300.jpg 188w, https:\/\/www.tinas-autorenwelt.de\/wp-content\/uploads\/2022\/12\/Vorderseite-F4-768x1229.jpg 768w, https:\/\/www.tinas-autorenwelt.de\/wp-content\/uploads\/2022\/12\/Vorderseite-F4-960x1536.jpg 960w, https:\/\/www.tinas-autorenwelt.de\/wp-content\/uploads\/2022\/12\/Vorderseite-F4-1280x2048.jpg 1280w, https:\/\/www.tinas-autorenwelt.de\/wp-content\/uploads\/2022\/12\/Vorderseite-F4.jpg 1600w\" sizes=\"auto, (max-width: 160px) 100vw, 160px\" \/><\/figure><\/div>\n\n\n<h3 class=\"wp-block-heading\"><strong>Fancynien \u2013 wie alles begann<\/strong><\/h3>\n\n\n\n<p>Wie kamen die Menschen eigentlich nach Fancynien? Und wieso wissen sie nichts von der Existenz der Drachen? Wer war der erste Baku? Sei dabei und erlebe mit, wie eine neue Welt entsteht: Fancynien \u2013 wie alles begann.<\/p>\n\n\n\n<p>Die anmutige Drachendame Sakura trifft auf das zerbrechliche M\u00e4dchen Coco. Zusammen werden die beiden das Dasein auf dem Planeten ver\u00e4ndern. Nur so ist es m\u00f6glich, dass Sira und die anderen Drachen so leben k\u00f6nnen, wie sie es heute tun. Doch wie haben diese damals zur Dracheninsel gefunden? Jeder hat dazu seine eigene Geschichte. Vereint werden sie durch ihre entstandene Gemeinschaft.<\/p>\n\n\n\n<p><strong>Leserstimmen<\/strong> beschreiben das Buch als interessante Einstiegsgeschichte in die Welt von Fancynien \u2013 neues Hintergrund wissen ind fantasievolle Kapitel gekleidet.<\/p>\n\n\n\n<!-- ### Begin BoD ShopWidget -->\n<div id=\"bodShopWidget_4012046_print\" class=\"bodShopWidget\"><\/div><script type=\"text\/javascript\">if(typeof checkLibExist == \"undefined\"){var script = document.createElement(\"script\");script.src =\"\/\/www.bod.de\/public\/js\/bod\/v1.1\/shopWidget.min.js\";script.type = \"text\/javascript\";document.head.appendChild(script);var checkLibExist = true;}if(typeof books === \"undefined\") var books=[];books.push({\"objID\":\"4012046\",\"swKey\":\"00c9f0d57edc05a7289a315eb8b78540\",\"type\":\"print\",\"size\":\"large\",\"font\":\"nonSerif\",\"shadow\":true,\"contour\":true,\"coverContour\":true,\"fontColor\":\"#FFF38D\",\"contourColor\":\"#8003A8\",\"shadowBtn\":true,\"contourBtn\":false,\"bgColor\":\"#5E6E76\",\"btnFontColor\":\"#5E6E76\",\"btnColor\":\"#FFF38D\",\"btnContourColor\":\"#8003A8\",\"shop\":\"de\",\"mandantShopUrl\":\"https:\/\/www.bod.de\/buchshop\",\"lang\":\"de\"});<\/script>\n<!-- ### End BoD ShopWidget -->\n","protected":false},"excerpt":{"rendered":"<p>Titel: Fancynien \u2013 wie alles begannGenre: FantasyAutor: Tina ReinhardtVerlag: Books on DemandErscheinungsdatum: 16.11.2022Format: TaschenbuchSeiten: 404Kosten: 17,99\u20ac Fancynien \u2013 wie alles begann Wie kamen die Menschen eigentlich nach Fancynien? Und wieso wissen sie nichts von der Existenz der Drachen? Wer war der erste Baku? Sei dabei und erlebe mit, wie eine neue Welt entsteht: Fancynien \u2013 &hellip; <\/p>\n<p class=\"link-more\"><a href=\"https:\/\/www.tinas-autorenwelt.de\/?page_id=1328\" class=\"more-link\"><span class=\"screen-reader-text\">\u201eFancynien &#8211; wie alles begann\u201c<\/span> weiterlesen<\/a><\/p>\n","protected":false},"author":1,"featured_media":0,"parent":129,"menu_order":0,"comment_status":"closed","ping_status":"closed","template":"","meta":{"footnotes":""},"class_list":["post-1328","page","type-page","status-publish","hentry"],"yoast_head":"<!-- This site is optimized with the Yoast SEO plugin v26.2 - https:\/\/yoast.com\/wordpress\/plugins\/seo\/ -->\n<title>Fancynien - wie alles begann - Tinas Autorenwelt<\/title>\n<meta name=\"description\" content=\"Fancynien - wie alles begann, beschreibt die Entstehung der Fantasiewelt, in welcher Sira, Dorian und die Drachen leben.\" \/>\n<meta name=\"robots\" content=\"index, follow, max-snippet:-1, max-image-preview:large, max-video-preview:-1\" \/>\n<link rel=\"canonical\" href=\"https:\/\/www.tinas-autorenwelt.de\/?page_id=1328\" \/>\n<meta property=\"og:locale\" content=\"de_DE\" \/>\n<meta property=\"og:type\" content=\"article\" \/>\n<meta property=\"og:title\" content=\"Fancynien - wie alles begann - Tinas Autorenwelt\" \/>\n<meta property=\"og:description\" content=\"Fancynien - wie alles begann, beschreibt die Entstehung der Fantasiewelt, in welcher Sira, Dorian und die Drachen leben.\" \/>\n<meta property=\"og:url\" content=\"https:\/\/www.tinas-autorenwelt.de\/?page_id=1328\" \/>\n<meta property=\"og:site_name\" content=\"Tinas Autorenwelt - bunt und lebendig\" \/>\n<meta property=\"og:image\" content=\"https:\/\/www.tinas-autorenwelt.de\/wp-content\/uploads\/2022\/12\/Vorderseite-F4-640x1024.jpg\" \/>\n<meta name=\"twitter:card\" content=\"summary_large_image\" \/>\n<meta name=\"twitter:label1\" content=\"Gesch\u00e4tzte Lesezeit\" \/>\n\t<meta name=\"twitter:data1\" content=\"1\u00a0Minute\" \/>\n<script type=\"application\/ld+json\" class=\"yoast-schema-graph\">{\"@context\":\"https:\/\/schema.org\",\"@graph\":[{\"@type\":\"WebPage\",\"@id\":\"https:\/\/www.tinas-autorenwelt.de\/?page_id=1328\",\"url\":\"https:\/\/www.tinas-autorenwelt.de\/?page_id=1328\",\"name\":\"Fancynien - wie alles begann - Tinas Autorenwelt\",\"isPartOf\":{\"@id\":\"https:\/\/www.tinas-autorenwelt.de\/#website\"},\"primaryImageOfPage\":{\"@id\":\"https:\/\/www.tinas-autorenwelt.de\/?page_id=1328#primaryimage\"},\"image\":{\"@id\":\"https:\/\/www.tinas-autorenwelt.de\/?page_id=1328#primaryimage\"},\"thumbnailUrl\":\"https:\/\/www.tinas-autorenwelt.de\/wp-content\/uploads\/2022\/12\/Vorderseite-F4-640x1024.jpg\",\"datePublished\":\"2023-08-18T10:47:57+00:00\",\"description\":\"Fancynien - wie alles begann, beschreibt die Entstehung der Fantasiewelt, in welcher Sira, Dorian und die Drachen leben.\",\"breadcrumb\":{\"@id\":\"https:\/\/www.tinas-autorenwelt.de\/?page_id=1328#breadcrumb\"},\"inLanguage\":\"de\",\"potentialAction\":[{\"@type\":\"ReadAction\",\"target\":[\"https:\/\/www.tinas-autorenwelt.de\/?page_id=1328\"]}]},{\"@type\":\"ImageObject\",\"inLanguage\":\"de\",\"@id\":\"https:\/\/www.tinas-autorenwelt.de\/?page_id=1328#primaryimage\",\"url\":\"https:\/\/www.tinas-autorenwelt.de\/wp-content\/uploads\/2022\/12\/Vorderseite-F4.jpg\",\"contentUrl\":\"https:\/\/www.tinas-autorenwelt.de\/wp-content\/uploads\/2022\/12\/Vorderseite-F4.jpg\",\"width\":1600,\"height\":2560},{\"@type\":\"BreadcrumbList\",\"@id\":\"https:\/\/www.tinas-autorenwelt.de\/?page_id=1328#breadcrumb\",\"itemListElement\":[{\"@type\":\"ListItem\",\"position\":1,\"name\":\"Startseite\",\"item\":\"https:\/\/www.tinas-autorenwelt.de\/\"},{\"@type\":\"ListItem\",\"position\":2,\"name\":\"Meine Ver\u00f6ffentlichungen\",\"item\":\"https:\/\/www.tinas-autorenwelt.de\/?page_id=129\"},{\"@type\":\"ListItem\",\"position\":3,\"name\":\"Fancynien &#8211; wie alles begann\"}]},{\"@type\":\"WebSite\",\"@id\":\"https:\/\/www.tinas-autorenwelt.de\/#website\",\"url\":\"https:\/\/www.tinas-autorenwelt.de\/\",\"name\":\"Tinas Autorenwelt - bunt und lebendig\",\"description\":\"\",\"potentialAction\":[{\"@type\":\"SearchAction\",\"target\":{\"@type\":\"EntryPoint\",\"urlTemplate\":\"https:\/\/www.tinas-autorenwelt.de\/?s={search_term_string}\"},\"query-input\":{\"@type\":\"PropertyValueSpecification\",\"valueRequired\":true,\"valueName\":\"search_term_string\"}}],\"inLanguage\":\"de\"}]}<\/script>\n<!-- \/ Yoast SEO plugin. -->","yoast_head_json":{"title":"Fancynien - wie alles begann - Tinas Autorenwelt","description":"Fancynien - wie alles begann, beschreibt die Entstehung der Fantasiewelt, in welcher Sira, Dorian und die Drachen leben.","robots":{"index":"index","follow":"follow","max-snippet":"max-snippet:-1","max-image-preview":"max-image-preview:large","max-video-preview":"max-video-preview:-1"},"canonical":"https:\/\/www.tinas-autorenwelt.de\/?page_id=1328","og_locale":"de_DE","og_type":"article","og_title":"Fancynien - wie alles begann - Tinas Autorenwelt","og_description":"Fancynien - wie alles begann, beschreibt die Entstehung der Fantasiewelt, in welcher Sira, Dorian und die Drachen leben.","og_url":"https:\/\/www.tinas-autorenwelt.de\/?page_id=1328","og_site_name":"Tinas Autorenwelt - bunt und lebendig","og_image":[{"url":"https:\/\/www.tinas-autorenwelt.de\/wp-content\/uploads\/2022\/12\/Vorderseite-F4-640x1024.jpg","type":"","width":"","height":""}],"twitter_card":"summary_large_image","twitter_misc":{"Gesch\u00e4tzte Lesezeit":"1\u00a0Minute"},"schema":{"@context":"https:\/\/schema.org","@graph":[{"@type":"WebPage","@id":"https:\/\/www.tinas-autorenwelt.de\/?page_id=1328","url":"https:\/\/www.tinas-autorenwelt.de\/?page_id=1328","name":"Fancynien - wie alles begann - Tinas Autorenwelt","isPartOf":{"@id":"https:\/\/www.tinas-autorenwelt.de\/#website"},"primaryImageOfPage":{"@id":"https:\/\/www.tinas-autorenwelt.de\/?page_id=1328#primaryimage"},"image":{"@id":"https:\/\/www.tinas-autorenwelt.de\/?page_id=1328#primaryimage"},"thumbnailUrl":"https:\/\/www.tinas-autorenwelt.de\/wp-content\/uploads\/2022\/12\/Vorderseite-F4-640x1024.jpg","datePublished":"2023-08-18T10:47:57+00:00","description":"Fancynien - wie alles begann, beschreibt die Entstehung der Fantasiewelt, in welcher Sira, Dorian und die Drachen leben.","breadcrumb":{"@id":"https:\/\/www.tinas-autorenwelt.de\/?page_id=1328#breadcrumb"},"inLanguage":"de","potentialAction":[{"@type":"ReadAction","target":["https:\/\/www.tinas-autorenwelt.de\/?page_id=1328"]}]},{"@type":"ImageObject","inLanguage":"de","@id":"https:\/\/www.tinas-autorenwelt.de\/?page_id=1328#primaryimage","url":"https:\/\/www.tinas-autorenwelt.de\/wp-content\/uploads\/2022\/12\/Vorderseite-F4.jpg","contentUrl":"https:\/\/www.tinas-autorenwelt.de\/wp-content\/uploads\/2022\/12\/Vorderseite-F4.jpg","width":1600,"height":2560},{"@type":"BreadcrumbList","@id":"https:\/\/www.tinas-autorenwelt.de\/?page_id=1328#breadcrumb","itemListElement":[{"@type":"ListItem","position":1,"name":"Startseite","item":"https:\/\/www.tinas-autorenwelt.de\/"},{"@type":"ListItem","position":2,"name":"Meine Ver\u00f6ffentlichungen","item":"https:\/\/www.tinas-autorenwelt.de\/?page_id=129"},{"@type":"ListItem","position":3,"name":"Fancynien &#8211; wie alles begann"}]},{"@type":"WebSite","@id":"https:\/\/www.tinas-autorenwelt.de\/#website","url":"https:\/\/www.tinas-autorenwelt.de\/","name":"Tinas Autorenwelt - bunt und lebendig","description":"","potentialAction":[{"@type":"SearchAction","target":{"@type":"EntryPoint","urlTemplate":"https:\/\/www.tinas-autorenwelt.de\/?s={search_term_string}"},"query-input":{"@type":"PropertyValueSpecification","valueRequired":true,"valueName":"search_term_string"}}],"inLanguage":"de"}]}},"_links":{"self":[{"href":"https:\/\/www.tinas-autorenwelt.de\/index.php?rest_route=\/wp\/v2\/pages\/1328","targetHints":{"allow":["GET"]}}],"collection":[{"href":"https:\/\/www.tinas-autorenwelt.de\/index.php?rest_route=\/wp\/v2\/pages"}],"about":[{"href":"https:\/\/www.tinas-autorenwelt.de\/index.php?rest_route=\/wp\/v2\/types\/page"}],"author":[{"embeddable":true,"href":"https:\/\/www.tinas-autorenwelt.de\/index.php?rest_route=\/wp\/v2\/users\/1"}],"replies":[{"embeddable":true,"href":"https:\/\/www.tinas-autorenwelt.de\/index.php?rest_route=%2Fwp%2Fv2%2Fcomments&post=1328"}],"version-history":[{"count":1,"href":"https:\/\/www.tinas-autorenwelt.de\/index.php?rest_route=\/wp\/v2\/pages\/1328\/revisions"}],"predecessor-version":[{"id":1329,"href":"https:\/\/www.tinas-autorenwelt.de\/index.php?rest_route=\/wp\/v2\/pages\/1328\/revisions\/1329"}],"up":[{"embeddable":true,"href":"https:\/\/www.tinas-autorenwelt.de\/index.php?rest_route=\/wp\/v2\/pages\/129"}],"wp:attachment":[{"href":"https:\/\/www.tinas-autorenwelt.de\/index.php?rest_route=%2Fwp%2Fv2%2Fmedia&parent=1328"}],"curies":[{"name":"wp","href":"https:\/\/api.w.org\/{rel}","templated":true}]}}

<p><strong>Titel:</strong> Fancynien – wie alles begann<br><strong>Genre:</strong> Fantasy<br><strong>Autor:</strong> Tina Reinhardt<br><strong>Verlag:</strong> Books on Demand<br><strong>Erscheinungsdatum:</strong> 16.11.2022<br><strong>Format:</strong> Taschenbuch<br><strong>Seiten:</strong> 404<br><strong>Kosten:</strong> 17,99€</p>


<div class="wp-block-image">
<figure class="aligncenter size-large is-resized"><img loading="lazy" decoding="async" src="https://www.tinas-autorenwelt.de/wp-content/uploads/2022/12/Vorderseite-F4-640x1024.jpg" alt="" class="wp-image-1262" width="160" height="256" srcset="https://www.tinas-autorenwelt.de/wp-content/uploads/2022/12/Vorderseite-F4-640x1024.jpg 640w, https://www.tinas-autorenwelt.de/wp-content/uploads/2022/12/Vorderseite-F4-188x300.jpg 188w, https://www.tinas-autorenwelt.de/wp-content/uploads/2022/12/Vorderseite-F4-768x1229.jpg 768w, https://www.tinas-autorenwelt.de/wp-content/uploads/2022/12/Vorderseite-F4-960x1536.jpg 960w, https://www.tinas-autorenwelt.de/wp-content/uploads/2022/12/Vorderseite-F4-1280x2048.jpg 1280w, https://www.tinas-autorenwelt.de/wp-content/uploads/2022/12/Vorderseite-F4.jpg 1600w" sizes="auto, (max-width: 160px) 100vw, 160px" /></figure></div>


<h3 class="wp-block-heading"><strong>Fancynien – wie alles begann</strong></h3>



<p>Wie kamen die Menschen eigentlich nach Fancynien? Und wieso wissen sie nichts von der Existenz der Drachen? Wer war der erste Baku? Sei dabei und erlebe mit, wie eine neue Welt entsteht: Fancynien – wie alles begann.</p>



<p>Die anmutige Drachendame Sakura trifft auf das zerbrechliche Mädchen Coco. Zusammen werden die beiden das Dasein auf dem Planeten verändern. Nur so ist es möglich, dass Sira und die anderen Drachen so leben können, wie sie es heute tun. Doch wie haben diese damals zur Dracheninsel gefunden? Jeder hat dazu seine eigene Geschichte. Vereint werden sie durch ihre entstandene Gemeinschaft.</p>



<p><strong>Leserstimmen</strong> beschreiben das Buch als interessante Einstiegsgeschichte in die Welt von Fancynien – neues Hintergrund wissen ind fantasievolle Kapitel gekleidet.</p>



<!-- ### Begin BoD ShopWidget -->
<div id="bodShopWidget_4012046_print" class="bodShopWidget"></div><script type="text/javascript">if(typeof checkLibExist == "undefined"){var script = document.createElement("script");script.src ="//www.bod.de/public/js/bod/v1.1/shopWidget.min.js";script.type = "text/javascript";document.head.appendChild(script);var checkLibExist = true;}if(typeof books === "undefined") var books=[];books.push({"objID":"4012046","swKey":"00c9f0d57edc05a7289a315eb8b78540","type":"print","size":"large","font":"nonSerif","shadow":true,"contour":true,"coverContour":true,"fontColor":"#FFF38D","contourColor":"#8003A8","shadowBtn":true,"contourBtn":false,"bgColor":"#5E6E76","btnFontColor":"#5E6E76","btnColor":"#FFF38D","btnContourColor":"#8003A8","shop":"de","mandantShopUrl":"https://www.bod.de/buchshop","lang":"de"});</script>
<!-- ### End BoD ShopWidget -->

<!-- This site is optimized with the Yoast SEO plugin v26.2 - https://yoast.com/wordpress/plugins/seo/ -->
<title>Fancynien - wie alles begann - Tinas Autorenwelt</title>
<meta name="description" content="Fancynien - wie alles begann, beschreibt die Entstehung der Fantasiewelt, in welcher Sira, Dorian und die Drachen leben." />
<meta name="robots" content="index, follow, max-snippet:-1, max-image-preview:large, max-video-preview:-1" />
<link rel="canonical" href="https://www.tinas-autorenwelt.de/?page_id=1328" />
<meta property="og:locale" content="de_DE" />
<meta property="og:type" content="article" />
<meta property="og:title" content="Fancynien - wie alles begann - Tinas Autorenwelt" />
<meta property="og:description" content="Fancynien - wie alles begann, beschreibt die Entstehung der Fantasiewelt, in welcher Sira, Dorian und die Drachen leben." />
<meta property="og:url" content="https://www.tinas-autorenwelt.de/?page_id=1328" />
<meta property="og:site_name" content="Tinas Autorenwelt - bunt und lebendig" />
<meta property="og:image" content="https://www.tinas-autorenwelt.de/wp-content/uploads/2022/12/Vorderseite-F4-640x1024.jpg" />
<meta name="twitter:card" content="summary_large_image" />
<meta name="twitter:label1" content="Geschätzte Lesezeit" />
	<meta name="twitter:data1" content="1 Minute" />
<script type="application/ld+json" class="yoast-schema-graph">{"@context":"https://schema.org","@graph":[{"@type":"WebPage","@id":"https://www.tinas-autorenwelt.de/?page_id=1328","url":"https://www.tinas-autorenwelt.de/?page_id=1328","name":"Fancynien - wie alles begann - Tinas Autorenwelt","isPartOf":{"@id":"https://www.tinas-autorenwelt.de/#website"},"primaryImageOfPage":{"@id":"https://www.tinas-autorenwelt.de/?page_id=1328#primaryimage"},"image":{"@id":"https://www.tinas-autorenwelt.de/?page_id=1328#primaryimage"},"thumbnailUrl":"https://www.tinas-autorenwelt.de/wp-content/uploads/2022/12/Vorderseite-F4-640x1024.jpg","datePublished":"2023-08-18T10:47:57+00:00","description":"Fancynien - wie alles begann, beschreibt die Entstehung der Fantasiewelt, in welcher Sira, Dorian und die Drachen leben.","breadcrumb":{"@id":"https://www.tinas-autorenwelt.de/?page_id=1328#breadcrumb"},"inLanguage":"de","potentialAction":[{"@type":"ReadAction","target":["https://www.tinas-autorenwelt.de/?page_id=1328"]}]},{"@type":"ImageObject","inLanguage":"de","@id":"https://www.tinas-autorenwelt.de/?page_id=1328#primaryimage","url":"https://www.tinas-autorenwelt.de/wp-content/uploads/2022/12/Vorderseite-F4.jpg","contentUrl":"https://www.tinas-autorenwelt.de/wp-content/uploads/2022/12/Vorderseite-F4.jpg","width":1600,"height":2560},{"@type":"BreadcrumbList","@id":"https://www.tinas-autorenwelt.de/?page_id=1328#breadcrumb","itemListElement":[{"@type":"ListItem","position":1,"name":"Startseite","item":"https://www.tinas-autorenwelt.de/"},{"@type":"ListItem","position":2,"name":"Meine Veröffentlichungen","item":"https://www.tinas-autorenwelt.de/?page_id=129"},{"@type":"ListItem","position":3,"name":"Fancynien &#8211; wie alles begann"}]},{"@type":"WebSite","@id":"https://www.tinas-autorenwelt.de/#website","url":"https://www.tinas-autorenwelt.de/","name":"Tinas Autorenwelt - bunt und lebendig","description":"","potentialAction":[{"@type":"SearchAction","target":{"@type":"EntryPoint","urlTemplate":"https://www.tinas-autorenwelt.de/?s={search_term_string}"},"query-input":{"@type":"PropertyValueSpecification","valueRequired":true,"valueName":"search_term_string"}}],"inLanguage":"de"}]}</script>
<!-- / Yoast SEO plugin. -->

Meine Veröffentlichungen
