{"id":129,"date":"2017-06-15T12:32:57","date_gmt":"2017-06-15T10:32:57","guid":{"rendered":"https:\/\/www.familie-reinhardt.de\/tinas-autorenwelt\/?page_id=129"},"modified":"2023-08-18T12:48:38","modified_gmt":"2023-08-18T10:48:38","slug":"meine-veroeffentlichungen","status":"publish","type":"page","link":"https:\/\/www.tinas-autorenwelt.de\/?page_id=129","title":{"rendered":"Meine Ver\u00f6ffentlichungen"},"content":{"rendered":"\n<p>Als Autorin schreibe ich immer wieder neue B\u00fccher. Dabei versuche ich euch mindestens einmal j\u00e4hrlich mit Ver\u00f6ffentlichungen zu begeistern. So lerne ich stets dazu und entwickle mich weiter. Ich hoffe, euch mit meinen Romanen begeistern und fesseln zu k\u00f6nnen. Dabei freue ich mich \u00fcber jeden neuen Leser und Fan. Auch \u00fcber Feedback bin ich sehr dankbar. In jedem Werk steckt viel Liebe und Leidenschaft f\u00fcr meine Arbeit als Autorin und jede Ver\u00f6ffentlichung erf\u00fcllt mich mit Stolz. Ich freue mich, euch in meine Welten mitnehmen zu k\u00f6nnen. Folgende B\u00fccher sind bereits von mir erschienen:<\/p>\n\n\n<div class=\"wp-block-image\">\n<figure class=\"aligncenter\"><img loading=\"lazy\" decoding=\"async\" width=\"300\" height=\"173\" src=\"https:\/\/www.tinas-autorenwelt.de\/wp-content\/uploads\/2019\/08\/sun-3612964_640-300x173.jpg\" alt=\"\" class=\"wp-image-553\" srcset=\"https:\/\/www.tinas-autorenwelt.de\/wp-content\/uploads\/2019\/08\/sun-3612964_640-300x173.jpg 300w, https:\/\/www.tinas-autorenwelt.de\/wp-content\/uploads\/2019\/08\/sun-3612964_640.jpg 640w\" sizes=\"auto, (max-width: 300px) 100vw, 300px\" \/><\/figure><\/div>\n\n\n<h2 class=\"wp-block-heading\">Die Ver\u00f6ffentlichungen von Tina Reinhardt im Zeitraffer<\/h2>\n\n\n\n<h3 class=\"wp-block-heading has-text-align-center\"><em><strong><a href=\"https:\/\/www.tinas-autorenwelt.de\/?page_id=1328\">Fancynien &#8211; <\/a><\/strong><\/em><strong><em><a href=\"https:\/\/www.tinas-autorenwelt.de\/?page_id=1328\">wie alles begann<\/a><\/em><\/strong><\/h3>\n\n\n\n<p><strong>November 2022<\/strong> &#8211; Ver\u00f6ffentlichung: Der vierte und vorerst letzte Band der Fantasy-Reihe erscheint. Diesmal beginnt die Geschichte viel fr\u00fcher und erz\u00e4hlt, wie die Menschen auf den Planeten Fancynien kamen und weshalb sich die Drachen versteckt halten.&nbsp;<\/p>\n\n\n\n<h3 class=\"wp-block-heading has-text-align-center\"><a href=\"https:\/\/www.tinas-autorenwelt.de\/?page_id=1205\"><em><strong>Fancynien &#8211; zwischen Herzschmerz und Liebe<\/strong><\/em><\/a><\/h3>\n\n\n\n<p class=\"has-text-align-left\"><strong>Mai 2022<\/strong> &#8211; Ver\u00f6ffentlichung: Der dritte Band meiner vierteiligen Fantasy-Reihe erscheint. Sira und Dorian kehren zur\u00fcck in die Menschenwelt. Dort passiert Unvorhergesehenes und Sira muss sich neuen Problemen stellen.<\/p>\n\n\n\n<h3 class=\"wp-block-heading has-text-align-center\"><a href=\"https:\/\/www.tinas-autorenwelt.de\/?page_id=1180\"><strong><em>Fancynien &#8211; das Drachenkind<\/em><\/strong><\/a><\/h3>\n\n\n\n<p class=\"has-text-align-left\"><strong>Februar 2022<\/strong> &#8211; Ver\u00f6ffentlichung: Der zweite Band meiner vierteiligen Fantasy-Reihe erscheint. Die ersten Abenteuer haben Sira und ihr Begleiter Dorian \u00fcberstanden, doch neue Herausforderungen warten auf die beiden.<\/p>\n\n\n\n<h3 class=\"wp-block-heading has-text-align-center\"><a href=\"https:\/\/www.tinas-autorenwelt.de\/?page_id=1169\"><strong><em>Fancynien &#8211; der Drache in mir<\/em><\/strong><\/a><\/h3>\n\n\n\n<p><strong>November 2021<\/strong> &#8211; Ver\u00f6ffentlichung: Der erste Band meiner vierteiligen Fantasy-Reihe erscheint. Es geht um ein M\u00e4dchen, die nie an Drachen glaubte und sich pl\u00f6tzlich in einen verwandelt. Doch versucht sie diese Tatsache geheim zu halten.<\/p>\n\n\n\n<h3 class=\"wp-block-heading has-text-align-center\"><a href=\"https:\/\/www.tinas-autorenwelt.de\/?page_id=851\"><strong><em>KreHighBu Autorenstatistik &#8211; Kreative Highlights in Buchform<\/em><\/strong><\/a><\/h3>\n\n\n\n<p><strong>Juni 2020<\/strong> &#8211; Ver\u00f6ffentlichung: Mein zweites Ausf\u00fcllbuch erscheint. In diesem Buch k\u00f6nnen Autoren die Statistiken f\u00fcr 10 Buchprojekte festhalten. Einzutragen sind Dinge wie Seitenzahl, Arbeitsstunden, Autor, Verlag, Bucherfolge, Bucheinnahmen, usw. Au\u00dferdem findet sich Platz f\u00fcr den Klappentext, Flyer, Zeitungsausschnitte und mehr.<\/p>\n\n\n\n<h3 class=\"wp-block-heading has-text-align-center\"><a href=\"https:\/\/www.tinas-autorenwelt.de\/?page_id=602\"><strong><em>365 Tage voller Gl\u00fccksmomente<\/em><\/strong><\/a><\/h3>\n\n\n\n<p><strong>November 2019<\/strong> &#8211; Ver\u00f6ffentlichung: Mein erstes Ausf\u00fcllbuch erscheint. In diesem Tagebuch wird f\u00fcr ein Jahr lang jeden Tag ein Highlight festgehalten. Daf\u00fcr gibt es auch Platz f\u00fcr Bilder. So entsteht ein tolles Erinnerungsst\u00fcck. Perfekt geeignet als Geschenkidee f\u00fcr jeden Anlass.<\/p>\n\n\n\n<h3 class=\"wp-block-heading has-text-align-center\"><a href=\"https:\/\/www.tinas-autorenwelt.de\/?page_id=436\"><em><strong>Liebe ist unverg\u00e4nglich &#8211; die 2. Generation<\/strong><\/em><\/a><\/h3>\n\n\n\n<p><strong>Februar 2019<\/strong> &#8211; Die Fortsetzung meines ersten Romans wurde ver\u00f6ffentlicht und hei\u00dft &#8222;Liebe ist unverg\u00e4nglich &#8211; die 2. Generation&#8220;. Sie ist seit Februar 2019 in allen gro\u00dfen Buchhandlungen online zu erwerben und freut sich auf jede Menge Leser.<\/p>\n\n\n\n<h3 class=\"wp-block-heading has-text-align-center\"><strong><em><a href=\"https:\/\/www.tinas-autorenwelt.de\/?page_id=334\">Funkenkrieg<\/a><\/em>&nbsp;<\/strong><\/h3>\n\n\n\n<p><strong>April 2018 <\/strong>&#8211; Mein erster Fantasy-Roman hei\u00dft &#8222;Funkenkrieg&#8220; und ist das Ergebnis des NaNoWriMos 2017. Er ist in allen gro\u00dfen Buchhandlungen online zu erwerben. Mehr \u00fcber meine Erfahrungen zu diesem Projekt findet ihr im Blogbereich.<\/p>\n\n\n\n<h3 class=\"wp-block-heading has-text-align-center\"><a href=\"https:\/\/www.tinas-autorenwelt.de\/?page_id=218\"><em><strong>Liebe ist unverg\u00e4nglich<\/strong><\/em><\/a><\/h3>\n\n\n\n<p><strong>Juni 2017<\/strong> &#8211; Mein erster Roman hei\u00dft &#8222;Liebe ist unverg\u00e4nglich&#8220; und ist seit Juni 2017 in allen gro\u00dfen Buchhandlungen online zu erwerben. Das Liebesdrama hat mittlerweile eine zweite Auflage sowie eine Fortsetzung.<\/p>\n\n\n\n<h5 class=\"wp-block-heading\">&nbsp;<\/h5>\n\n\n\n<p><strong>Juli 2016<\/strong> &#8211; Die Anthologie &#8222;Sommer und mehr&#8220; kommt raus und ich bin im ersten Buch mit der Kurzgeschichte &#8222;Das Strandhaus&#8220; vertreten. Leider ist das Buch nicht mehr erh\u00e4ltlich. Der Erl\u00f6\u00df wurde aber f\u00fcr einen guten Zweck gespendet. Auf meine erste Ver\u00f6ffentlichung bin ich sehr stolz.<\/p>\n\n\n\n<p><strong>2015<\/strong> &#8211; Das Jahr, in dem alles begann. Hier habe ich mit dem Schreiben angefangen. Erst bestand mein Ziel darin, einmal einen kompletten Roman zu verfassen und zu ver\u00f6ffentlichen. Erst sp\u00e4ter wurde mir klar, was darin f\u00fcr eine Leidenschaft steckt und dass noch viele weitere B\u00fccher und Ver\u00f6ffentlichungen folgen w\u00fcrden. Der Beginn einer langen \u00c4ra &#8230; Auf dass meine Werke irgendwann ein ganzes B\u00fccherregal f\u00fcllen werden (oder mehrere).<\/p>\n","protected":false},"excerpt":{"rendered":"<p>Als Autorin schreibe ich immer wieder neue B\u00fccher. Dabei versuche ich euch mindestens einmal j\u00e4hrlich mit Ver\u00f6ffentlichungen zu begeistern. So lerne ich stets dazu und entwickle mich weiter. Ich hoffe, euch mit meinen Romanen begeistern und fesseln zu k\u00f6nnen. Dabei freue ich mich \u00fcber jeden neuen Leser und Fan. Auch \u00fcber Feedback bin ich sehr &hellip; <\/p>\n<p class=\"link-more\"><a href=\"https:\/\/www.tinas-autorenwelt.de\/?page_id=129\" class=\"more-link\"><span class=\"screen-reader-text\">\u201eMeine Ver\u00f6ffentlichungen\u201c<\/span> weiterlesen<\/a><\/p>\n","protected":false},"author":1,"featured_media":1130,"parent":0,"menu_order":3,"comment_status":"closed","ping_status":"closed","template":"","meta":{"footnotes":""},"class_list":["post-129","page","type-page","status-publish","has-post-thumbnail","hentry"],"yoast_head":"<!-- This site is optimized with the Yoast SEO plugin v26.2 - https:\/\/yoast.com\/wordpress\/plugins\/seo\/ -->\n<title>Meine Ver\u00f6ffentlichungen - Romane der Autorin Tina Reinhardt<\/title>\n<meta name=\"description\" content=\"Tina Reinhardt ist eine Autorin von Fantasy- und Liebesromanen. Hier gibt&#039;s eine Liste aller ihrer Ver\u00f6ffentlichungen. Romane f\u00fcr Leseratten!\" \/>\n<meta name=\"robots\" content=\"index, follow, max-snippet:-1, max-image-preview:large, max-video-preview:-1\" \/>\n<link rel=\"canonical\" href=\"https:\/\/www.tinas-autorenwelt.de\/?page_id=129\" \/>\n<meta property=\"og:locale\" content=\"de_DE\" \/>\n<meta property=\"og:type\" content=\"article\" \/>\n<meta property=\"og:title\" content=\"Meine Ver\u00f6ffentlichungen - Romane der Autorin Tina Reinhardt\" \/>\n<meta property=\"og:description\" content=\"Tina Reinhardt ist eine Autorin von Fantasy- und Liebesromanen. Hier gibt&#039;s eine Liste aller ihrer Ver\u00f6ffentlichungen. Romane f\u00fcr Leseratten!\" \/>\n<meta property=\"og:url\" content=\"https:\/\/www.tinas-autorenwelt.de\/?page_id=129\" \/>\n<meta property=\"og:site_name\" content=\"Tinas Autorenwelt - bunt und lebendig\" \/>\n<meta property=\"article:modified_time\" content=\"2023-08-18T10:48:38+00:00\" \/>\n<meta property=\"og:image\" content=\"https:\/\/www.tinas-autorenwelt.de\/wp-content\/uploads\/2021\/07\/Banner-meine-Buecher.jpg\" \/>\n\t<meta property=\"og:image:width\" content=\"1681\" \/>\n\t<meta property=\"og:image:height\" content=\"500\" \/>\n\t<meta property=\"og:image:type\" content=\"image\/jpeg\" \/>\n<meta name=\"twitter:card\" content=\"summary_large_image\" \/>\n<meta name=\"twitter:label1\" content=\"Gesch\u00e4tzte Lesezeit\" \/>\n\t<meta name=\"twitter:data1\" content=\"4\u00a0Minuten\" \/>\n<script type=\"application\/ld+json\" class=\"yoast-schema-graph\">{\"@context\":\"https:\/\/schema.org\",\"@graph\":[{\"@type\":\"WebPage\",\"@id\":\"https:\/\/www.tinas-autorenwelt.de\/?page_id=129\",\"url\":\"https:\/\/www.tinas-autorenwelt.de\/?page_id=129\",\"name\":\"Meine Ver\u00f6ffentlichungen - Romane der Autorin Tina Reinhardt\",\"isPartOf\":{\"@id\":\"https:\/\/www.tinas-autorenwelt.de\/#website\"},\"primaryImageOfPage\":{\"@id\":\"https:\/\/www.tinas-autorenwelt.de\/?page_id=129#primaryimage\"},\"image\":{\"@id\":\"https:\/\/www.tinas-autorenwelt.de\/?page_id=129#primaryimage\"},\"thumbnailUrl\":\"https:\/\/www.tinas-autorenwelt.de\/wp-content\/uploads\/2021\/07\/Banner-meine-Buecher.jpg\",\"datePublished\":\"2017-06-15T10:32:57+00:00\",\"dateModified\":\"2023-08-18T10:48:38+00:00\",\"description\":\"Tina Reinhardt ist eine Autorin von Fantasy- und Liebesromanen. Hier gibt's eine Liste aller ihrer Ver\u00f6ffentlichungen. Romane f\u00fcr Leseratten!\",\"breadcrumb\":{\"@id\":\"https:\/\/www.tinas-autorenwelt.de\/?page_id=129#breadcrumb\"},\"inLanguage\":\"de\",\"potentialAction\":[{\"@type\":\"ReadAction\",\"target\":[\"https:\/\/www.tinas-autorenwelt.de\/?page_id=129\"]}]},{\"@type\":\"ImageObject\",\"inLanguage\":\"de\",\"@id\":\"https:\/\/www.tinas-autorenwelt.de\/?page_id=129#primaryimage\",\"url\":\"https:\/\/www.tinas-autorenwelt.de\/wp-content\/uploads\/2021\/07\/Banner-meine-Buecher.jpg\",\"contentUrl\":\"https:\/\/www.tinas-autorenwelt.de\/wp-content\/uploads\/2021\/07\/Banner-meine-Buecher.jpg\",\"width\":1681,\"height\":500},{\"@type\":\"BreadcrumbList\",\"@id\":\"https:\/\/www.tinas-autorenwelt.de\/?page_id=129#breadcrumb\",\"itemListElement\":[{\"@type\":\"ListItem\",\"position\":1,\"name\":\"Startseite\",\"item\":\"https:\/\/www.tinas-autorenwelt.de\/\"},{\"@type\":\"ListItem\",\"position\":2,\"name\":\"Meine Ver\u00f6ffentlichungen\"}]},{\"@type\":\"WebSite\",\"@id\":\"https:\/\/www.tinas-autorenwelt.de\/#website\",\"url\":\"https:\/\/www.tinas-autorenwelt.de\/\",\"name\":\"Tinas Autorenwelt - bunt und lebendig\",\"description\":\"\",\"potentialAction\":[{\"@type\":\"SearchAction\",\"target\":{\"@type\":\"EntryPoint\",\"urlTemplate\":\"https:\/\/www.tinas-autorenwelt.de\/?s={search_term_string}\"},\"query-input\":{\"@type\":\"PropertyValueSpecification\",\"valueRequired\":true,\"valueName\":\"search_term_string\"}}],\"inLanguage\":\"de\"}]}<\/script>\n<!-- \/ Yoast SEO plugin. -->","yoast_head_json":{"title":"Meine Ver\u00f6ffentlichungen - Romane der Autorin Tina Reinhardt","description":"Tina Reinhardt ist eine Autorin von Fantasy- und Liebesromanen. Hier gibt's eine Liste aller ihrer Ver\u00f6ffentlichungen. Romane f\u00fcr Leseratten!","robots":{"index":"index","follow":"follow","max-snippet":"max-snippet:-1","max-image-preview":"max-image-preview:large","max-video-preview":"max-video-preview:-1"},"canonical":"https:\/\/www.tinas-autorenwelt.de\/?page_id=129","og_locale":"de_DE","og_type":"article","og_title":"Meine Ver\u00f6ffentlichungen - Romane der Autorin Tina Reinhardt","og_description":"Tina Reinhardt ist eine Autorin von Fantasy- und Liebesromanen. Hier gibt's eine Liste aller ihrer Ver\u00f6ffentlichungen. Romane f\u00fcr Leseratten!","og_url":"https:\/\/www.tinas-autorenwelt.de\/?page_id=129","og_site_name":"Tinas Autorenwelt - bunt und lebendig","article_modified_time":"2023-08-18T10:48:38+00:00","og_image":[{"width":1681,"height":500,"url":"https:\/\/www.tinas-autorenwelt.de\/wp-content\/uploads\/2021\/07\/Banner-meine-Buecher.jpg","type":"image\/jpeg"}],"twitter_card":"summary_large_image","twitter_misc":{"Gesch\u00e4tzte Lesezeit":"4\u00a0Minuten"},"schema":{"@context":"https:\/\/schema.org","@graph":[{"@type":"WebPage","@id":"https:\/\/www.tinas-autorenwelt.de\/?page_id=129","url":"https:\/\/www.tinas-autorenwelt.de\/?page_id=129","name":"Meine Ver\u00f6ffentlichungen - Romane der Autorin Tina Reinhardt","isPartOf":{"@id":"https:\/\/www.tinas-autorenwelt.de\/#website"},"primaryImageOfPage":{"@id":"https:\/\/www.tinas-autorenwelt.de\/?page_id=129#primaryimage"},"image":{"@id":"https:\/\/www.tinas-autorenwelt.de\/?page_id=129#primaryimage"},"thumbnailUrl":"https:\/\/www.tinas-autorenwelt.de\/wp-content\/uploads\/2021\/07\/Banner-meine-Buecher.jpg","datePublished":"2017-06-15T10:32:57+00:00","dateModified":"2023-08-18T10:48:38+00:00","description":"Tina Reinhardt ist eine Autorin von Fantasy- und Liebesromanen. Hier gibt's eine Liste aller ihrer Ver\u00f6ffentlichungen. Romane f\u00fcr Leseratten!","breadcrumb":{"@id":"https:\/\/www.tinas-autorenwelt.de\/?page_id=129#breadcrumb"},"inLanguage":"de","potentialAction":[{"@type":"ReadAction","target":["https:\/\/www.tinas-autorenwelt.de\/?page_id=129"]}]},{"@type":"ImageObject","inLanguage":"de","@id":"https:\/\/www.tinas-autorenwelt.de\/?page_id=129#primaryimage","url":"https:\/\/www.tinas-autorenwelt.de\/wp-content\/uploads\/2021\/07\/Banner-meine-Buecher.jpg","contentUrl":"https:\/\/www.tinas-autorenwelt.de\/wp-content\/uploads\/2021\/07\/Banner-meine-Buecher.jpg","width":1681,"height":500},{"@type":"BreadcrumbList","@id":"https:\/\/www.tinas-autorenwelt.de\/?page_id=129#breadcrumb","itemListElement":[{"@type":"ListItem","position":1,"name":"Startseite","item":"https:\/\/www.tinas-autorenwelt.de\/"},{"@type":"ListItem","position":2,"name":"Meine Ver\u00f6ffentlichungen"}]},{"@type":"WebSite","@id":"https:\/\/www.tinas-autorenwelt.de\/#website","url":"https:\/\/www.tinas-autorenwelt.de\/","name":"Tinas Autorenwelt - bunt und lebendig","description":"","potentialAction":[{"@type":"SearchAction","target":{"@type":"EntryPoint","urlTemplate":"https:\/\/www.tinas-autorenwelt.de\/?s={search_term_string}"},"query-input":{"@type":"PropertyValueSpecification","valueRequired":true,"valueName":"search_term_string"}}],"inLanguage":"de"}]}},"_links":{"self":[{"href":"https:\/\/www.tinas-autorenwelt.de\/index.php?rest_route=\/wp\/v2\/pages\/129","targetHints":{"allow":["GET"]}}],"collection":[{"href":"https:\/\/www.tinas-autorenwelt.de\/index.php?rest_route=\/wp\/v2\/pages"}],"about":[{"href":"https:\/\/www.tinas-autorenwelt.de\/index.php?rest_route=\/wp\/v2\/types\/page"}],"author":[{"embeddable":true,"href":"https:\/\/www.tinas-autorenwelt.de\/index.php?rest_route=\/wp\/v2\/users\/1"}],"replies":[{"embeddable":true,"href":"https:\/\/www.tinas-autorenwelt.de\/index.php?rest_route=%2Fwp%2Fv2%2Fcomments&post=129"}],"version-history":[{"count":29,"href":"https:\/\/www.tinas-autorenwelt.de\/index.php?rest_route=\/wp\/v2\/pages\/129\/revisions"}],"predecessor-version":[{"id":1330,"href":"https:\/\/www.tinas-autorenwelt.de\/index.php?rest_route=\/wp\/v2\/pages\/129\/revisions\/1330"}],"wp:featuredmedia":[{"embeddable":true,"href":"https:\/\/www.tinas-autorenwelt.de\/index.php?rest_route=\/wp\/v2\/media\/1130"}],"wp:attachment":[{"href":"https:\/\/www.tinas-autorenwelt.de\/index.php?rest_route=%2Fwp%2Fv2%2Fmedia&parent=129"}],"curies":[{"name":"wp","href":"https:\/\/api.w.org\/{rel}","templated":true}]}}